21 - 7. Let x(z) = -z**3 - 6*z**2 + 6*z - 8. What is x(q)?
-1
Let a(i) = -i**2 + 5*i. Suppose 3*p + 3*y + 5 = 2, 0 = -p + y - 1. Let k be (0 - p)*(5 + 0). Calculate a(k).
0
Let r(b) = -8*b - 6 + 2*b + 7*b. Give r(3).
-3
Suppose -8 = 3*t - 23. Suppose -i = 3*z - 2*i - 1, z + 5 = -t*i. Let u(l) = -l**2 - l + 2. Calculate u(z).
2
Let k(y) = -y**3 - 3*y**2 + 6*y + 4. Let f = -57 + 53. Calculate k(f).
-4
Let c = -16 + 19. Suppose -c*r - 7 = -2*m, 2*m + r = -18 + 5. Let w(l) = l**3 + 4*l**2 - l. Calculate w(m).
4
Suppose -3*x + 24 + 21 = 0. Let z = x - 17. Let i(g) = -g**3 - g**2 + 2*g + 3. Determine i(z).
3
Let f(l) = -3 + l**2 - 11*l + 10*l + 4. Give f(-2).
7
Let n be (-78)/(-18) + (-4)/(-6). Let y(t) = 3*t**2 - 2*t + 3. Let s(m) = 7*m**2 - 5*m + 5. Let a(k) = -4*s(k) + 9*y(k). Determine a(n).
-8
Suppose -4 = 3*v + 2*t, 0 = -v - 2*t - 11 + 3. Let d(q) be the second derivative of 0 - 3*q**2 - v*q + 1/3*q**3. What is d(5)?
4
Let c(b) = 3*b**3 + b**2 + b + 5. Let z(v) = 4*v**3 + 2*v**2 + v + 4. Let f(x) = -3*c(x) + 2*z(x). Let o be (-4)/22 + (-4)/(-22). Give f(o).
-7
Let f(a) = a**3 - 3*a**2 + 13*a - 11. Let t(c) = c**3 - 4*c**2 + 12*c - 10. Let d(z) = 4*f(z) - 5*t(z). Let h = -1 + 8. Determine d(h).
-1
Let n be (-3)/9*4*-3. Let j(l) = 0 + 2 - 2 - l**2 - n - 6*l. Give j(-6).
-4
Let r = 16 + -9. Let z(g) = -r - 3*g + 7 + 4*g**2. What is z(2)?
10
Let j be -3 + (6/(-3))/(-2). Suppose 0 = 5*q - 10 - 15, -3*q = -5*l - 10. Let u(m) = -m + 4*m - l - m. Calculate u(j).
-5
Suppose 0 = -4*y + 8*y + 20, -3*w + 5*y + 22 = 0. Let j(s) = -3*s**2 + s**2 + 4*s**2 + s + 1. What is j(w)?
2
Let h = -1 + -4. Suppose 5*n - 2*n = 12. Let x(b) = -b**2 - 4*b**2 - n*b**3 - 2 - 2*b + 3*b**3. Determine x(h).
8
Let x(v) = 3*v**3 - v**2 + v + 1. Suppose -3 + 1 = 2*n. Give x(n).
-4
Let k(l) = 0 + 5 + l**2 - 9*l + 2*l. Let j(t) = -t**3 + 5*t**2 + 5*t - 6. Let v be j(6). Let b be 18/v*(-10)/3. Give k(b).
-5
Let o(h) = -h**3 - 3*h**2 + 6*h - 6. Let w be o(-5). Suppose 3*j - 28 = 5*f, -w = -3*j + 3*f + 10. Let m(q) = q**2 - 6*q + 8. Give m(j).
8
Let m(o) = o**3 - 6*o**2 - o + 8. Let t be m(6). Let r(z) = 0*z**2 + 5*z**2 + 2*z**t + 2*z - 6*z**2. Determine r(-2).
0
Let i(a) be the third derivative of a**6/120 - a**5/20 - a**4/6 - a**3/6 + 4*a**2. Calculate i(4).
-1
Let c(r) = -9 + 2*r + 4 - 1. Let y be c(4). Let w(o) = -o**2 + 4*o + 1. What is w(y)?
5
Suppose d + 2*i - 1 + 2 = 0, 3*i = -4*d - 9. Let b be (-1 - d/2)*0. Let h(q) = -q. Give h(b).
0
Suppose 3*j - 4*j + 1 = 0. Let a = j - -1. Let w(x) = -a*x**2 + 2 - 1 - 2 - x. Determine w(-1).
-2
Let k be (-5)/((-5)/3) - 1. Let v(t) = -4 + k*t - 7*t + 3 + 0. Give v(-2).
9
Let w(g) = -9 + 0*g - g**2 + 0*g**2 + 6*g. Let v be -5 + (14 - (-1 + 4)). Calculate w(v).
-9
Suppose 4*s + 2 = g, 2*g + 3*g = -3*s - 13. Let l(z) = z + 1. Let q be l(s). Let f(i) = i - 5. What is f(q)?
-5
Let i(b) = -12*b + 10. Let v(u) be the third derivative of -u**4/24 + u**3/6 - u**2. Let n(x) = -2*i(x) + 22*v(x). Calculate n(2).
6
Let z = 3 + -1. Suppose -4*t - 2*s = 6, 0*t = 5*t + z*s + 6. Suppose t = 4*d - 5 - 15. Let w(o) = o**2 - 5*o - 2. Give w(d).
-2
Let v(l) = -7*l**3 + 2*l**2 - l. Let o be v(1). Let a be (-14 - -1)/1*1. Let p(b) = 2*b - 31. Let j(f) = -f + 15. Let z(w) = a*j(w) + o*p(w). Calculate z(5).
-4
Let i(p) = -p**2 + 5*p - 1. Let z be 27/(-6)*(-8)/18 + 2. Calculate i(z).
3
Let i(r) = -r**3 - 5*r**2 - 3*r + 3. Suppose -z + 11 = -3*u, -4*z + 2 = 5*u - 8. Let p = 1 - u. Suppose -5*c - 15 = x + x, p*x = 0. Calculate i(c).
-6
Let q(f) = f - 1. Suppose -6*r - 18 = -3*r. Determine q(r).
-7
Let h be ((-1)/2)/(2/(-24)). Suppose 3*g = h + 6. Let d(l) = l**2 - 5*l - 1. Give d(g).
-5
Let r(v) = v**2 - 4*v + 3. Let p(q) = q - 2. Let c be p(4). Calculate r(c).
-1
Let z(b) = 11*b - 8. Let p(v) = 12*v - 9. Let h(f) = -6*p(f) + 7*z(f). Let u(n) = -n - 3. Let y be u(-6). Let k be (y/6)/(1/4). Determine h(k).
8
Let j(o) = -4 + 3*o - 5*o + 3*o. Let r(m) be the first derivative of m**3/3 - m**2/2 - 2*m + 1. Let t be r(2). What is j(t)?
-4
Let s(p) = -p - 3. Let v(m) = 1. Let n(u) = s(u) + 5*v(u). Give n(2).
0
Let u(j) = 0*j + 2*j**2 - j**3 - 8*j**2 - 6 - j. Suppose -24 = 7*n - 3*n. Give u(n).
0
Let v be 2 + -4 - 4/(-1). Let x(o) = 3*o + o**v - 13*o + 7*o - 2. Determine x(2).
-4
Let g(j) = -j + 1. Suppose -4*r + 5*m = -37, -8 - 33 = -5*r + m. Determine g(r).
-7
Let j(p) = p**3 + 2*p**2 - 3*p - 3. Suppose 9 = z + 4. Suppose i - z*w - 8 = 0, 2*i = -4*w - 2 - 10. Determine j(i).
3
Suppose -3*a - a = -8, 5*a - 6 = -4*v. Let s(z) = 1 - 3*z - z - 6*z. Give s(v).
11
Let z = -2 + 4. Let p be 94/14 + z/7. Let w(t) = -5*t**2 - 4*t - 7. Let n(l) = -4*l**2 - 3*l - 6. Let i(a) = p*n(a) - 6*w(a). What is i(-2)?
2
Suppose 7*g = 26 - 40. Let p(o) = -3*o - 3*o - 2 + 4*o. Calculate p(g).
2
Let b(p) = -p - 2*p**2 - 3*p**2 + 2*p. Suppose 3*k + 0*m - m - 13 = 0, 4 = 2*m. Suppose -5*y + 6 + 4 = -5*n, -k*n - 4*y - 1 = 0. Give b(n).
-6
Let v(x) = 11*x**2 + 2*x - 2*x**2 - 10*x**2 - 1. Calculate v(-2).
-9
Let i(t) be the first derivative of t**4/12 - t**3/6 - 3*t**2/2 + 6*t + 1. Let h(n) be the first derivative of i(n). Give h(3).
3
Let l(k) be the first derivative of -1/4*k**4 + 7/3*k**3 - 3*k**2 - 1 + 0*k. Calculate l(6).
0
Let u = 11 + -10. Let l(v) = -41*v**3 - 8*v**2 + 8*v - 3. Let p(o) = 14*o**3 + 3*o**2 - 3*o + 1. Let k = -5 - -2. Let g(i) = k*l(i) - 8*p(i). Give g(u).
12
Let t(l) = 0*l + l - 46*l**3 - 5*l**2 + 45*l**3 + 0*l + 6. Determine t(-5).
1
Let g(k) = -k**2 + 4*k + 1. Suppose 5*d - 2 - 13 = 0. Let x be g(d). Let r(j) = -j**2 + 4*j - 2. Calculate r(x).
-2
Let d(h) = -h**3 + 12*h**2 + 12*h + 6. Let k be d(13). Let l(z) = 5*z - 7. Let u(c) = 2*c - 4. Let b(i) = -3*l(i) + 7*u(i). What is b(k)?
0
Let k(v) = v - 9. Let p be k(11). Suppose 5*n - 3*u = 4*n - 7, p*n - 26 = -4*u. Let t(w) = -w**2 + 4*w + 1. Determine t(n).
-4
Let l(t) = -3 + 5 - t + t**3 - 5*t**2 + 3*t - 4. Let n be ((-1)/3)/((-4)/8)*3. Calculate l(n).
-10
Let j(y) = y + 10. Let b be j(-11). Let s(f) = -1. Let n(u) be the first derivative of 5*u**2/2 + 4*u - 1. Let p(o) = n(o) + 5*s(o). Give p(b).
-6
Let r(w) = 4*w + 14. Let d(g) = -g - 1. Let n(m) = 5*d(m) + r(m). Let x be n(7). Let j(b) = 2*b - 1 + 1 - 3. Calculate j(x).
1
Let o(n) = 2*n - 1. Let t(q) = -q - 3. Let a be t(-4). Let h(s) = -5*s. Let j be h(a). What is o(j)?
-11
Suppose -5*f + u = -13, -f + 3*u = -2 - 9. Let d(b) = 3*b + 6 - 2 - f*b - 3. Calculate d(-2).
-1
Let m(h) = -2*h - h - 1 - 3*h + 7*h. Calculate m(0).
-1
Let f be (2 - (-21)/(-9)) + (-32)/(-6). Let a(l) = l**2 + l + 1. Let g(q) = -1 + 2 + q + 0*q. Let z(w) = -a(w) + 4*g(w). What is z(f)?
-7
Let i(z) = -z**3 - z**2 + 1. Let t(f) = 3*f**3 + 7*f**2 - f - 1. Let g(w) = 2*i(w) + t(w). Suppose -j = -2*j - 3. Let y be (5/2)/(j/6). Determine g(y).
6
Let r(p) be the third derivative of -p**5/20 - p**3/6 - 36*p**2. Calculate r(-1).
-4
Let j(f) = -f**3 - 7*f**2 + 8*f - 6. Let l be 12*1/2 - 3. Let x(o) = 7 + 4*o**3 - 15*o - 2*o**l + 5 + 13*o**2. Let z(w) = -5*j(w) - 3*x(w). Calculate z(-5).
-6
Let y(k) = -k**2 + 8*k - 3. Suppose x = 5 + 1. Calculate y(x).
9
Let y(z) = -2*z**3 - z**2 + z - 1. Suppose 6*a - 7*a + 1 = 0. Suppose -q = -l, 7*q - a = 2*q + 4*l. Give y(q).
-3
Let r = -6 - -4. Let l(g) = 2*g - 1. Let z(h) = 12 - 3 - 13*h - 2*h. Let c(j) = 33*l(j) + 4*z(j). Give c(r).
-9
Let a(b) be the first derivative of -2*b**3/3 - 3*b**2/2 + 4*b - 10. Determine a(-3).
-5
Let g(t) = -8*t + 8. Let b(z) = 3 - 2*z + 0 + 0 - z. Let f(j) = 11*b(j) - 4*g(j). Give f(2).
-1
Suppose 0 = y - 2*x + 11, -5*y - 4*x = 15 - 2. Let m(b) = -2*b - 1. Give m(y).
9
Suppose 3*d + 0 - 2 = -4*w, -4*d + 3 = 5*w. Let v(z) = -z**3 + 2. Determine v(d).
-6
Let k(h) = -h**3 + 5*h**2 + 5*h - 2. Let c(x) = -x**2 - x. Let v(r) = 6*c(r) + k(r). Let n = 18 - 20. Calculate v(n).
4
Suppose 3*f + 2 = 4*f. Let d(h) = 5*h + 1. Give d(f).
11
Let w be 63/(-6)*4/(-6). Let t(y) = y - 5. Let g be t(w). Let l(c) = -c - 1. Give l(g).
-3
Let g(n) = -n**3 - 4*n**2 + 5*n. Let j(c) = 0*c + 0*c**2 - 4*c + 8*c - c**2. Let u be j(5). Give g(u).
0
Let d(g) be the third derivative of g**7/2520 + g**6/720 + g**5/120 - g**4/4 - 8*g**2. Let i(c) be the second derivative of d(c). Determine i(-1).
1
Let f(i) = i. Let y be f(-4). Let a be (y/6)/(4/(-30)). Let m(w) be the first